{"id":3112,"date":"2015-11-07T13:07:47","date_gmt":"2015-11-07T11:07:47","guid":{"rendered":"http:\/\/www.innovation-academy.de\/philosophie\/"},"modified":"2017-09-08T13:14:54","modified_gmt":"2017-09-08T11:14:54","slug":"philosophie","status":"publish","type":"page","link":"https:\/\/www.innovation-academy.de\/fr\/philosophie\/","title":{"rendered":"Notre philosophie"},"content":{"rendered":"<div class=\"wpb-content-wrapper\"><p>[vc_row][vc_column][vc_column_text]<\/p>\n<h1 style=\"text-align: center;\">Notre philosophie<\/h1>\n<p>[\/vc_column_text]<div class=\"ult-spacer spacer-69f45ea18e63c\" data-id=\"69f45ea18e63c\" data-height=\"30\" data-height-mobile=\"30\" data-height-tab=\"30\" data-height-tab-portrait=\"\" data-height-mobile-landscape=\"\" style=\"clear:both;display:block;\"><\/div><div class=\"hr-thin style-line\" style=\"width: 100%;border-top-width: 1px;\"><\/div><div class=\"ult-spacer spacer-69f45ea18e6b5\" data-id=\"69f45ea18e6b5\" data-height=\"30\" data-height-mobile=\"30\" data-height-tab=\"30\" data-height-tab-portrait=\"\" data-height-mobile-landscape=\"\" style=\"clear:both;display:block;\"><\/div>[\/vc_column][\/vc_row][vc_row][vc_column][vc_column_text]Innovation Academy se consid\u00e8re comme faisant partie int\u00e9grante du mouvement mondial qui souhaite contribuer \u00e0 une transformation de nos soci\u00e9t\u00e9s par le biais de l\u2019\u00e9ducation au d\u00e9veloppement durable. L\u2019essentiel de notre travail de formation s\u2019articule autour de la sensibilisation, de l\u2019acquisition et de l\u2019activation des connaissances, de l\u2018\u00e9change d\u2019exp\u00e9riences et de la prise de conscience que l\u2019exemple positif et pratique nous convainc.<\/p>\n<p>Nos offres ne s\u2019adressent pas \u00e0 un public particulier mais \u00e0 toutes les personnes int\u00e9ress\u00e9es\u00a0: en effet nous proposons des programmes sur mesure qui conviendront tout autant aux d\u00e9l\u00e9gations professionnelles, qu\u2019aux universit\u00e9s et \u00e9coles mais aussi aux clubs de loisirs et associations.<\/p>\n<p>Dans le cadre de s\u00e9minaires, d\u2019excursions, de visites guid\u00e9es et de conf\u00e9rences, vous recevrez de la part de nos intervenants qualifi\u00e9s des <strong>impulsions<\/strong> pour vos propres projets. Nous proposons pour les groupes <strong>scolaires et universitaires<\/strong> des m\u00e9thodes interactives sous la forme de rallyes et quiz qui peuvent \u00eatre r\u00e9alis\u00e9s en petits groupes.<\/p>\n<p>Nous avons pris grand soin \u00e0 choisir nos destinations. Beaucoup d\u2019exemples positifs peuvent \u00eatre pr\u00e9sent\u00e9s directement dans la \u201cGreenCity Fribourg\u00a0\u00bb qui est mondialement r\u00e9put\u00e9e ou dans la r\u00e9gion des trois pays \u00ab\u00a0Upper Rhine Valley\u00a0\u00bb (Allemagne\/France\/Suisse). Par ailleurs, Hambourg, la capitale\u00a0 europ\u00e9enne de l\u2019environnement, apporte en sa qualit\u00e9 de ville portuaire et site de \u00ab\u00a0l\u2019Exposition\u00a0 Internationale de la construction\u00a0\u00bb (IBA) des aspects compl\u00e9mentaires tr\u00e8s int\u00e9ressants. La m\u00e9tropole de Munich, toujours en croissance, est \u00e9galement un excellent exemple de mobilit\u00e9 multimodale et d\u2019approvisionnement des foyers en \u00e9nergie 100% renouvelable. Francfort, Zurich et B\u00e2le ne sont pas seulement les a\u00e9roports internationaux pour arriver rapidement \u00e0 Fribourg en Brisgau, mais aussi des villes int\u00e9ressantes en mati\u00e8re de modernisation \u00e9nerg\u00e9tiques de tours, de coop\u00e9ratives immobili\u00e8res et d\u2019architecture moderne.<\/p>\n<p>Des projets \u00e0 plus long terme r\u00e9alis\u00e9s avec nos partenaires de projet \u00e9largissent l\u2019horizon de nos propres exp\u00e9riences et fournissent des connaissances nouvelles que nous int\u00e9grons ensuite dans notre travail p\u00e9dagogique. Les projets suivants ont ainsi \u00e9t\u00e9 r\u00e9alis\u00e9s:<\/p>\n<p>2010: Manuel p\u00e9dagogique pour le centre p\u00e9dagogique en plein air Luginsland<\/p>\n<p>2011: Atelier de l\u2019avenir \u00ab\u00a0Yach 2026\u00a0\u00bb<\/p>\n<p>2012-2014: \u00ab\u00a0Klimaschutz konkret\u00a0\u00bb &#8211; un projet pour la protection du climat, r\u00e9alis\u00e9 avec des lyc\u00e9ens<\/p>\n<p>2015: \u00ab\u00a0Sustainable Urban Design\u00a0\u00bb &#8211; s\u00e9minaire de 3 semaines<\/p>\n<p>2015: \u00ab\u00a0GreenCity Freiburg\u00bb &#8211; s\u00e9minaire de 3 semaines[\/vc_column_text][\/vc_column][\/vc_row]<\/p>\n<\/div>","protected":false},"excerpt":{"rendered":"<p>[vc_row][vc_column][vc_column_text] Notre philosophie [\/vc_column_text][\/vc_column][\/vc_row][vc_row][vc_column][vc_column_text]Innovation Academy se consid\u00e8re comme faisant partie int\u00e9grante du mouvement mondial qui souhaite contribuer \u00e0 une transformation de nos soci\u00e9t\u00e9s par le biais de l\u2019\u00e9ducation au d\u00e9veloppement durable. L\u2019essentiel de notre travail de formation s\u2019articule autour de la sensibilisation, de l\u2019acquisition et de l\u2019activation des connaissances, de l\u2018\u00e9change d\u2019exp\u00e9riences et de la&hellip;<\/p>\n","protected":false},"author":1,"featured_media":0,"parent":0,"menu_order":0,"comment_status":"closed","ping_status":"closed","template":"","meta":{"footnotes":""},"class_list":["post-3112","page","type-page","status-publish","hentry","description-off"],"yoast_head":"<!-- This site is optimized with the Yoast SEO plugin v26.2 - https:\/\/yoast.com\/wordpress\/plugins\/seo\/ -->\n<title>Notre philosophie - Innovation Academy<\/title>\n<meta name=\"robots\" content=\"index, follow, max-snippet:-1, max-image-preview:large, max-video-preview:-1\" \/>\n<link rel=\"canonical\" href=\"https:\/\/www.innovation-academy.de\/fr\/philosophie\/\" \/>\n<meta property=\"og:locale\" content=\"fr_FR\" \/>\n<meta property=\"og:type\" content=\"article\" \/>\n<meta property=\"og:title\" content=\"Notre philosophie - Innovation Academy\" \/>\n<meta property=\"og:description\" content=\"[vc_row][vc_column][vc_column_text] Notre philosophie [\/vc_column_text][\/vc_column][\/vc_row][vc_row][vc_column][vc_column_text]Innovation Academy se consid\u00e8re comme faisant partie int\u00e9grante du mouvement mondial qui souhaite contribuer \u00e0 une transformation de nos soci\u00e9t\u00e9s par le biais de l\u2019\u00e9ducation au d\u00e9veloppement durable. L\u2019essentiel de notre travail de formation s\u2019articule autour de la sensibilisation, de l\u2019acquisition et de l\u2019activation des connaissances, de l\u2018\u00e9change d\u2019exp\u00e9riences et de la&hellip;\" \/>\n<meta property=\"og:url\" content=\"https:\/\/www.innovation-academy.de\/fr\/philosophie\/\" \/>\n<meta property=\"og:site_name\" content=\"Innovation Academy\" \/>\n<meta property=\"article:modified_time\" content=\"2017-09-08T11:14:54+00:00\" \/>\n<meta name=\"twitter:card\" content=\"summary_large_image\" \/>\n<meta name=\"twitter:label1\" content=\"Dur\u00e9e de lecture estim\u00e9e\" \/>\n\t<meta name=\"twitter:data1\" content=\"2 minutes\" \/>\n<script type=\"application\/ld+json\" class=\"yoast-schema-graph\">{\"@context\":\"https:\/\/schema.org\",\"@graph\":[{\"@type\":\"WebPage\",\"@id\":\"https:\/\/www.innovation-academy.de\/fr\/philosophie\/\",\"url\":\"https:\/\/www.innovation-academy.de\/fr\/philosophie\/\",\"name\":\"Notre philosophie - Innovation Academy\",\"isPartOf\":{\"@id\":\"https:\/\/www.innovation-academy.de\/fr\/#website\"},\"datePublished\":\"2015-11-07T11:07:47+00:00\",\"dateModified\":\"2017-09-08T11:14:54+00:00\",\"breadcrumb\":{\"@id\":\"https:\/\/www.innovation-academy.de\/fr\/philosophie\/#breadcrumb\"},\"inLanguage\":\"fr-FR\",\"potentialAction\":[{\"@type\":\"ReadAction\",\"target\":[\"https:\/\/www.innovation-academy.de\/fr\/philosophie\/\"]}]},{\"@type\":\"BreadcrumbList\",\"@id\":\"https:\/\/www.innovation-academy.de\/fr\/philosophie\/#breadcrumb\",\"itemListElement\":[{\"@type\":\"ListItem\",\"position\":1,\"name\":\"Home\",\"item\":\"https:\/\/www.innovation-academy.de\/fr\/\"},{\"@type\":\"ListItem\",\"position\":2,\"name\":\"Notre philosophie\"}]},{\"@type\":\"WebSite\",\"@id\":\"https:\/\/www.innovation-academy.de\/fr\/#website\",\"url\":\"https:\/\/www.innovation-academy.de\/fr\/\",\"name\":\"Innovation Academy\",\"description\":\"Innovation Academy\",\"potentialAction\":[{\"@type\":\"SearchAction\",\"target\":{\"@type\":\"EntryPoint\",\"urlTemplate\":\"https:\/\/www.innovation-academy.de\/fr\/?s={search_term_string}\"},\"query-input\":{\"@type\":\"PropertyValueSpecification\",\"valueRequired\":true,\"valueName\":\"search_term_string\"}}],\"inLanguage\":\"fr-FR\"}]}<\/script>\n<!-- \/ Yoast SEO plugin. -->","yoast_head_json":{"title":"Notre philosophie - Innovation Academy","robots":{"index":"index","follow":"follow","max-snippet":"max-snippet:-1","max-image-preview":"max-image-preview:large","max-video-preview":"max-video-preview:-1"},"canonical":"https:\/\/www.innovation-academy.de\/fr\/philosophie\/","og_locale":"fr_FR","og_type":"article","og_title":"Notre philosophie - Innovation Academy","og_description":"[vc_row][vc_column][vc_column_text] Notre philosophie [\/vc_column_text][\/vc_column][\/vc_row][vc_row][vc_column][vc_column_text]Innovation Academy se consid\u00e8re comme faisant partie int\u00e9grante du mouvement mondial qui souhaite contribuer \u00e0 une transformation de nos soci\u00e9t\u00e9s par le biais de l\u2019\u00e9ducation au d\u00e9veloppement durable. L\u2019essentiel de notre travail de formation s\u2019articule autour de la sensibilisation, de l\u2019acquisition et de l\u2019activation des connaissances, de l\u2018\u00e9change d\u2019exp\u00e9riences et de la&hellip;","og_url":"https:\/\/www.innovation-academy.de\/fr\/philosophie\/","og_site_name":"Innovation Academy","article_modified_time":"2017-09-08T11:14:54+00:00","twitter_card":"summary_large_image","twitter_misc":{"Dur\u00e9e de lecture estim\u00e9e":"2 minutes"},"schema":{"@context":"https:\/\/schema.org","@graph":[{"@type":"WebPage","@id":"https:\/\/www.innovation-academy.de\/fr\/philosophie\/","url":"https:\/\/www.innovation-academy.de\/fr\/philosophie\/","name":"Notre philosophie - Innovation Academy","isPartOf":{"@id":"https:\/\/www.innovation-academy.de\/fr\/#website"},"datePublished":"2015-11-07T11:07:47+00:00","dateModified":"2017-09-08T11:14:54+00:00","breadcrumb":{"@id":"https:\/\/www.innovation-academy.de\/fr\/philosophie\/#breadcrumb"},"inLanguage":"fr-FR","potentialAction":[{"@type":"ReadAction","target":["https:\/\/www.innovation-academy.de\/fr\/philosophie\/"]}]},{"@type":"BreadcrumbList","@id":"https:\/\/www.innovation-academy.de\/fr\/philosophie\/#breadcrumb","itemListElement":[{"@type":"ListItem","position":1,"name":"Home","item":"https:\/\/www.innovation-academy.de\/fr\/"},{"@type":"ListItem","position":2,"name":"Notre philosophie"}]},{"@type":"WebSite","@id":"https:\/\/www.innovation-academy.de\/fr\/#website","url":"https:\/\/www.innovation-academy.de\/fr\/","name":"Innovation Academy","description":"Innovation Academy","potentialAction":[{"@type":"SearchAction","target":{"@type":"EntryPoint","urlTemplate":"https:\/\/www.innovation-academy.de\/fr\/?s={search_term_string}"},"query-input":{"@type":"PropertyValueSpecification","valueRequired":true,"valueName":"search_term_string"}}],"inLanguage":"fr-FR"}]}},"_links":{"self":[{"href":"https:\/\/www.innovation-academy.de\/fr\/wp-json\/wp\/v2\/pages\/3112","targetHints":{"allow":["GET"]}}],"collection":[{"href":"https:\/\/www.innovation-academy.de\/fr\/wp-json\/wp\/v2\/pages"}],"about":[{"href":"https:\/\/www.innovation-academy.de\/fr\/wp-json\/wp\/v2\/types\/page"}],"author":[{"embeddable":true,"href":"https:\/\/www.innovation-academy.de\/fr\/wp-json\/wp\/v2\/users\/1"}],"replies":[{"embeddable":true,"href":"https:\/\/www.innovation-academy.de\/fr\/wp-json\/wp\/v2\/comments?post=3112"}],"version-history":[{"count":7,"href":"https:\/\/www.innovation-academy.de\/fr\/wp-json\/wp\/v2\/pages\/3112\/revisions"}],"predecessor-version":[{"id":3870,"href":"https:\/\/www.innovation-academy.de\/fr\/wp-json\/wp\/v2\/pages\/3112\/revisions\/3870"}],"wp:attachment":[{"href":"https:\/\/www.innovation-academy.de\/fr\/wp-json\/wp\/v2\/media?parent=3112"}],"curies":[{"name":"wp","href":"https:\/\/api.w.org\/{rel}","templated":true}]}}

<div class="wpb-content-wrapper"><p>[vc_row][vc_column][vc_column_text]</p>
<h1 style="text-align: center;">Notre philosophie</h1>
<p>[/vc_column_text]<div class="ult-spacer spacer-69f45ea18e63c" data-id="69f45ea18e63c" data-height="30" data-height-mobile="30" data-height-tab="30" data-height-tab-portrait="" data-height-mobile-landscape="" style="clear:both;display:block;"></div><div class="hr-thin style-line" style="width: 100%;border-top-width: 1px;"></div><div class="ult-spacer spacer-69f45ea18e6b5" data-id="69f45ea18e6b5" data-height="30" data-height-mobile="30" data-height-tab="30" data-height-tab-portrait="" data-height-mobile-landscape="" style="clear:both;display:block;"></div>[/vc_column][/vc_row][vc_row][vc_column][vc_column_text]Innovation Academy se considère comme faisant partie intégrante du mouvement mondial qui souhaite contribuer à une transformation de nos sociétés par le biais de l’éducation au développement durable. L’essentiel de notre travail de formation s’articule autour de la sensibilisation, de l’acquisition et de l’activation des connaissances, de l‘échange d’expériences et de la prise de conscience que l’exemple positif et pratique nous convainc.</p>
<p>Nos offres ne s’adressent pas à un public particulier mais à toutes les personnes intéressées : en effet nous proposons des programmes sur mesure qui conviendront tout autant aux délégations professionnelles, qu’aux universités et écoles mais aussi aux clubs de loisirs et associations.</p>
<p>Dans le cadre de séminaires, d’excursions, de visites guidées et de conférences, vous recevrez de la part de nos intervenants qualifiés des <strong>impulsions</strong> pour vos propres projets. Nous proposons pour les groupes <strong>scolaires et universitaires</strong> des méthodes interactives sous la forme de rallyes et quiz qui peuvent être réalisés en petits groupes.</p>
<p>Nous avons pris grand soin à choisir nos destinations. Beaucoup d’exemples positifs peuvent être présentés directement dans la “GreenCity Fribourg » qui est mondialement réputée ou dans la région des trois pays « Upper Rhine Valley » (Allemagne/France/Suisse). Par ailleurs, Hambourg, la capitale  européenne de l’environnement, apporte en sa qualité de ville portuaire et site de « l’Exposition  Internationale de la construction » (IBA) des aspects complémentaires très intéressants. La métropole de Munich, toujours en croissance, est également un excellent exemple de mobilité multimodale et d’approvisionnement des foyers en énergie 100% renouvelable. Francfort, Zurich et Bâle ne sont pas seulement les aéroports internationaux pour arriver rapidement à Fribourg en Brisgau, mais aussi des villes intéressantes en matière de modernisation énergétiques de tours, de coopératives immobilières et d’architecture moderne.</p>
<p>Des projets à plus long terme réalisés avec nos partenaires de projet élargissent l’horizon de nos propres expériences et fournissent des connaissances nouvelles que nous intégrons ensuite dans notre travail pédagogique. Les projets suivants ont ainsi été réalisés:</p>
<p>2010: Manuel pédagogique pour le centre pédagogique en plein air Luginsland</p>
<p>2011: Atelier de l’avenir « Yach 2026 »</p>
<p>2012-2014: « Klimaschutz konkret » &#8211; un projet pour la protection du climat, réalisé avec des lycéens</p>
<p>2015: « Sustainable Urban Design » &#8211; séminaire de 3 semaines</p>
<p>2015: « GreenCity Freiburg» &#8211; séminaire de 3 semaines[/vc_column_text][/vc_column][/vc_row]</p>
</div>

<p>[vc_row][vc_column][vc_column_text] Notre philosophie [/vc_column_text][/vc_column][/vc_row][vc_row][vc_column][vc_column_text]Innovation Academy se considère comme faisant partie intégrante du mouvement mondial qui souhaite contribuer à une transformation de nos sociétés par le biais de l’éducation au développement durable. L’essentiel de notre travail de formation s’articule autour de la sensibilisation, de l’acquisition et de l’activation des connaissances, de l‘échange d’expériences et de la&hellip;</p>

<!-- This site is optimized with the Yoast SEO plugin v26.2 - https://yoast.com/wordpress/plugins/seo/ -->
<title>Notre philosophie - Innovation Academy</title>
<meta name="robots" content="index, follow, max-snippet:-1, max-image-preview:large, max-video-preview:-1" />
<link rel="canonical" href="https://www.innovation-academy.de/fr/philosophie/" />
<meta property="og:locale" content="fr_FR" />
<meta property="og:type" content="article" />
<meta property="og:title" content="Notre philosophie - Innovation Academy" />
<meta property="og:description" content="[vc_row][vc_column][vc_column_text] Notre philosophie [/vc_column_text][/vc_column][/vc_row][vc_row][vc_column][vc_column_text]Innovation Academy se considère comme faisant partie intégrante du mouvement mondial qui souhaite contribuer à une transformation de nos sociétés par le biais de l’éducation au développement durable. L’essentiel de notre travail de formation s’articule autour de la sensibilisation, de l’acquisition et de l’activation des connaissances, de l‘échange d’expériences et de la&hellip;" />
<meta property="og:url" content="https://www.innovation-academy.de/fr/philosophie/" />
<meta property="og:site_name" content="Innovation Academy" />
<meta property="article:modified_time" content="2017-09-08T11:14:54+00:00" />
<meta name="twitter:card" content="summary_large_image" />
<meta name="twitter:label1" content="Durée de lecture estimée" />
	<meta name="twitter:data1" content="2 minutes" />
<script type="application/ld+json" class="yoast-schema-graph">{"@context":"https://schema.org","@graph":[{"@type":"WebPage","@id":"https://www.innovation-academy.de/fr/philosophie/","url":"https://www.innovation-academy.de/fr/philosophie/","name":"Notre philosophie - Innovation Academy","isPartOf":{"@id":"https://www.innovation-academy.de/fr/#website"},"datePublished":"2015-11-07T11:07:47+00:00","dateModified":"2017-09-08T11:14:54+00:00","breadcrumb":{"@id":"https://www.innovation-academy.de/fr/philosophie/#breadcrumb"},"inLanguage":"fr-FR","potentialAction":[{"@type":"ReadAction","target":["https://www.innovation-academy.de/fr/philosophie/"]}]},{"@type":"BreadcrumbList","@id":"https://www.innovation-academy.de/fr/philosophie/#breadcrumb","itemListElement":[{"@type":"ListItem","position":1,"name":"Home","item":"https://www.innovation-academy.de/fr/"},{"@type":"ListItem","position":2,"name":"Notre philosophie"}]},{"@type":"WebSite","@id":"https://www.innovation-academy.de/fr/#website","url":"https://www.innovation-academy.de/fr/","name":"Innovation Academy","description":"Innovation Academy","potentialAction":[{"@type":"SearchAction","target":{"@type":"EntryPoint","urlTemplate":"https://www.innovation-academy.de/fr/?s={search_term_string}"},"query-input":{"@type":"PropertyValueSpecification","valueRequired":true,"valueName":"search_term_string"}}],"inLanguage":"fr-FR"}]}</script>
<!-- / Yoast SEO plugin. -->

[vc_row][vc_column][vc_column_text] Notre philosophie [/vc_column_text][/vc_column][/vc_row][vc_row][vc_column][vc_column_text]Innovation Academy se considère comme faisant partie intégrante du mouvement mondial qui souhaite contribuer à une transformation de nos sociétés par le biais de l’éducation au développement durable. L’essentiel de notre travail de formation s’articule autour de la sensibilisation, de l’acquisition et de l’activation des connaissances, de l‘échange d’expériences et de la&hellip;
